test common factor of 2625760 and 3360.
160
What is the highest common divisor of 6010 and 1259000?
10
What is the highest common divisor of 36941 and 1215773?
41
What is the highest common divisor of 88947 and 23931?
9
What is the highest common factor of 1005876 and 3552?
12
What is the greatest common factor of 5019 and 14850982?
239
What is the highest common divisor of 13735236 and 192?
12
What is the greatest common divisor of 12975 and 565883?
173
What is the greatest common divisor of 767 and 57256373?
59
What is the greatest common factor of 178 and 86917934?
178
Calculate the greatest common divisor of 72 and 5795616.
24
What is the greatest common factor of 22 and 68425962?
22
What is the greatest common divisor of 4916 and 687303502?
2458
What is the greatest common divisor of 22325 and 1565429?
893
Calculate the highest common divisor of 1419620958 and 999.
999
Calculate the greatest common factor of 4983 and 3207.
3
What is the greatest common divisor of 14 and 1724499028?
14
What is the greatest common divisor of 15536374 and 3738?
1246
Calculate the greatest common divisor of 3298 and 32470.
34
Calculate the greatest common factor of 40 and 21358530.
10
Calculate the greatest common factor of 1111290 and 14790.
510
What is the greatest common factor of 30 and 80267325?
15
What is the greatest common factor of 165 and 11470935?
15
What is the greatest common divisor of 2170740 and 716220?
1380
Calculate the greatest common factor of 56 and 51032548.
28
What is the greatest common divisor of 16647044 and 1131?
29
What is the greatest common factor of 609977004 and 12?
12
Calculate the highest common factor of 597600 and 576.
288
What is the highest common divisor of 15 and 312121?
1
Calculate the highest common factor of 760 and 15360.
40
What is the greatest common divisor of 674 and 14132095?
337
What is the highest common divisor of 1472 and 35742736?
368
What is the greatest common factor of 68448 and 21245008?
368
Calculate the greatest common divisor of 3051799 and 38.
19
What is the highest common factor of 1695423 and 348753?
3453
What is the greatest common divisor of 362752203 and 3?
3
Calculate the greatest common factor of 164 and 8603850.
82
Calculate the greatest common divisor of 96 and 949911.
3
What is the greatest common factor of 2185993 and 326?
163
What is the highest common factor of 123715384 and 169?
13
What is the greatest common factor of 755819 and 52032?
271
What is the greatest common factor of 654461 and 899501?
1021
What is the greatest common divisor of 9951785 and 2059?
29
Calculate the highest common divisor of 654489 and 148104.
1089
What is the highest common factor of 53702 and 258926634?
4882
What is the greatest common divisor of 71753 and 267773?
121
Calculate the highest common divisor of 2704 and 370937632.
208
Calculate the highest common divisor of 6928 and 100024.
8
Calculate the highest common factor of 39675 and 57425250.
1725
Calculate the greatest common factor of 344085269 and 71896.
8987
Calculate the highest common divisor of 1814652 and 177751.
2653
What is the greatest common divisor of 1817064 and 2088?
72
Calculate the highest common divisor of 287416 and 3848.
296
Calculate the highest common divisor of 2774 and 29076046.
146
Calculate the greatest common divisor of 3556 and 6464.
4
Calculate the greatest common factor of 4257 and 217119771.
4257
What is the highest common factor of 1145512 and 2500816?
1192
Calculate the greatest common factor of 3112586 and 14818.
62
Calculate the highest common divisor of 95004 and 3744.
468
What is the highest common divisor of 325433 and 23997?
421
What is the highest common factor of 6824 and 276593780?
3412
What is the greatest common factor of 27296660 and 5680?
1420
What is the highest common factor of 164835617 and 8895?
593
Calculate the greatest common factor of 1200 and 12027800.
200
What is the highest common factor of 93 and 11310784?
31
Calculate the highest common divisor of 134 and 1962.
2
Calculate the highest common divisor of 1870 and 20390.
10
Calculate the highest common factor of 26344 and 1350931.
89
What is the highest common divisor of 1020680 and 279395?
1615
What is the greatest common factor of 24295 and 14147?
43
What is the greatest common factor of 417761344 and 208?
208
What is the highest common factor of 1177 and 9658997?
107
What is the highest common factor of 1054526709 and 3?
3
What is the highest common divisor of 1526 and 258312887?
763
What is the greatest common divisor of 21630 and 863310?
210
What is the highest common factor of 15998870 and 170?
170
What is the greatest common divisor of 102851 and 235592?
49
What is the highest common factor of 1710291443 and 87?
29
What is the greatest common divisor of 877060 and 20?
20
What is the highest common factor of 2374 and 6341549874?
2374
What is the greatest common factor of 225 and 7552359?
9
What is the greatest common divisor of 789 and 21093?
3
Calculate the highest common factor of 2204 and 19494000.
76
Calculate the greatest common factor of 209 and 129906705.
19
Calculate the greatest common factor of 2633864 and 88.
8
Calculate the greatest common factor of 13494 and 9529878.
1038
Calculate the highest common factor of 738684 and 618732.
612
Calculate the highest common divisor of 3492 and 15520194.
1746
What is the greatest common divisor of 656612 and 20966?
22
What is the greatest common divisor of 69200 and 728400?
400
Calculate the greatest common divisor of 880 and 39848060.
20
Calculate the highest common divisor of 167567 and 23119.
61
What is the greatest common factor of 528 and 8290392?
264
What is the highest common factor of 8 and 17472846?
2
Calculate the highest common divisor of 6580 and 13687387.
329
What is the greatest common divisor of 18460937 and 44?
11
Calculate the highest common factor of 1870219 and 13257.
491
Calculate the highest common divisor of 7 and 165262181.
7
What is the highest common factor of 488076 and 276?
12
What is the greatest common divisor of 12819348 and 72?
36
What is the greatest common factor of 5430 and 20934930?
30
Calculate the highest common factor of 36423 and 58805.
19
What is the highest common divisor of 46537164 and 36?
36
What is the greatest common divisor of 534564 and 76161?
1437
Calculate the greatest common factor of 2860 and 62891972.
572
What is the greatest common factor of 236257 and 756?
7
Calculate the greatest common factor of 5856 and 20658992.
976
Calculate the highest common divisor of 96 and 15383328.
96
What is the greatest common divisor of 162650306 and 49?
49
Calculate the highest common factor of 152 and 406331.
1
Calculate the greatest common divisor of 9 and 34669620.
9
Calculate the highest common factor of 257162806 and 2.
2
What is the highest common divisor of 12080 and 4230880?
80
What is the highest common divisor of 79424119 and 544?
17
What is the greatest common factor of 224 and 18834382?
14
What is the greatest common factor of 68022253 and 52?
13
Calculate the greatest common divisor of 299151 and 2002843.
773
What is the greatest common divisor of 133258552 and 1064?
1064
Calculate the greatest common factor of 36 and 73426356.
36
Calculate the greatest common factor of 342623967 and 17374.
8687
Calculate the highest common divisor of 23504591 and 187.
187
Calculate the greatest common factor of 547461744 and 1672.
152
Calculate the highest common factor of 25625 and 81836.
41
What is the highest common divisor of 44 and 563309582?
22
Calculate the highest common factor of 777706 and 56404.
478
What is the highest common divisor of 6017334 and 516?
258
What is the greatest common factor of 865 and 72035?
5
Calculate the greatest common factor of 418396 and 12.
4
Calculate the greatest common divisor of 14404279 and 785.
157
Calculate the highest common divisor of 1479 and 707799607.
493
Calculate the greatest common factor of 8983 and 163878.
13
What is the highest common divisor of 4067892 and 396?
36
What is the highest common factor of 47934413 and 67?
67
What is the highest common divisor of 1161923 and 18669?
889
What is the highest common divisor of 1845 and 564195?
15
Calculate the highest common divisor of 32163 and 710.
71
Calculate